4. Let x(o) = o**3 + 4*o**2 - 5*o - 6. Let b be x(-5). Determine g(b).
1
Suppose 0 = -p - 8*c + 4*c + 18, -4*c - 12 = -4*p. Let h be 1/(1/(-2 - -3)). Let o(g) = -6 + g**2 - 2 + h + 1 - 6*g. Determine o(p).
-6
Let p(m) = -59*m**3 + m**2 - 2*m + 1. Let t be 7 + (-10 - (2 - 5)) - -1. Determine p(t).
-59
Let v(m) be the second derivative of 0 - 1/12*m**4 + 5/6*m**3 - 2*m**2 - 14*m. Let o = -2 - -6. Give v(o).
0
Let r be 2/4*-3*4. Let w(d) = d + 2. Let g(s) = -4*s - 8. Let z(c) = -3*g(c) - 10*w(c). Calculate z(r).
-8
Let f(w) = 472*w + 1 - 475*w + 5 - w**2. Give f(-5).
-4
Let j(s) = -s**2 - 17*s - 17. Let m = 1442 + -1458. Determine j(m).
-1
Let g(w) = -w**3 + 4*w**2 + 4*w + 3. Let f be g(-2). Let i = f + -23. Let j be (-19)/4 + 1/i. Let l(u) = -u + 2. What is l(j)?
7
Let n = 4 - -1. Suppose -n = 4*i + 3. Let m be 1 + -13 + 4 - i. Let v(z) = z**2 + 3*z - 2. Give v(m).
16
Let j be (-1 + 45/(-6) + -1)*-2. Suppose -2*y - 5*n + j = 1, -4 = -2*y + 2*n. Let w(q) = -2*q. Give w(y).
-8
Let d(x) = -4*x + 2. Let u be d(2). Let n(l) = -7*l + 12. Let h(y) = -6*y + 11. Let j(v) = u*h(v) + 5*n(v). Calculate j(0).
-6
Let m = 558 + -560. Let a(b) = 7*b. What is a(m)?
-14
Let z(k) = 6*k + 8 - 8*k - 10. Let m(g) = -g**3 + 7*g**2 + 2. Let r be m(7). Give z(r).
-6
Let b(d) = -d**3 - d**2 + 2*d - 7. Let g be b(-3). Suppose -9*i + 10*i = -g. Let p(n) = -4*n**2 - 1 - 1 + 7*n + 3 - n**3. Calculate p(i).
-9
Let u(k) = 0 - 4 - 3*k - 5*k + 3 + 0. Calculate u(-3).
23
Let r(u) = 2*u**2 - 3*u + 6. Let k be r(3). Let q(n) = 2*n - 27. Let v be q(k). Let s(g) = -4*g**2 - 3 + 0 + 0*g**3 - 3 - g**v + 6*g. Determine s(-5).
-11
Let x = 347 + -358. Let f(y) = y**2 + 13*y - 2. Calculate f(x).
-24
Let s(b) = 2*b**2 - 4*b + 3. Let r be s(2). Let p(h) be the first derivative of -1/2*h**2 + 1/4*h**4 - 2/3*h**3 + h - 23. Calculate p(r).
7
Let c(q) be the second derivative of q**5/20 - q**4/2 - 3*q**3/2 + 4*q**2 + q. Let u = 368 - 361. Let d be c(u). Let p(l) = l**3 + 7*l**2 + 6*l + 4. Give p(d).
4
Let t(c) = c**2 - c - 33. Let n = -150 - -155. Suppose 4*a - n*k - 25 = 0, 5*k + 33 = -2*a + 8. Determine t(a).
-33
Let p(m) = m**2 - 5*m - 2. Suppose -598*k - 16 = -602*k. Determine p(k).
-6
Let o(q) be the first derivative of -q**3/3 - 5*q**2 + 8*q + 9. Let w(z) = z - 1. Let k(n) = o(n) - 4*w(n). Let j be k(-15). Let y(d) = 4*d. What is y(j)?
-12
Let r(b) = -b**2 - b. Let o(v) = 0*v - 2 - 4*v + 7*v**2 + 3*v + 6*v. Let q(c) = -o(c) - 6*r(c). Suppose -j - 5*u + 22 = 0, u - 14 = 3*j - 8*j. Determine q(j).
0
Let v be ((-4)/(-3))/(6/9). Let i be 6 + (-4 + v)*2. Let n(t) = -6*t + 1. Give n(i).
-11
Let t(a) = a**2 + 6*a + 1. Suppose 3*i - 5*i - 134 = 0. Let x be 2*1/13 - i/(-13). Calculate t(x).
-4
Let y = -60 - -47. Let m(v) = -v**3 - 14*v**2 - 14*v - 6. What is m(y)?
7
Suppose r - 9 = -0*o - o, -7 = 2*r - 3*o. Let u(z) = 3*z + 3*z + 5 - r*z + 2. Let x(t) = -t - 4. Let q(h) = -4*u(h) - 9*x(h). Calculate q(-6).
2
Suppose 46*o = 55*o + 90. Let u(w) = -2*w - 1. Give u(o).
19
Let g(s) be the second derivative of -s**4/12 - 5*s**2/2 + 136*s. Give g(-4).
-21
Let y(x) = 12 - x + x**3 + 12 - 21 + 10*x**2 + 9. Give y(-10).
22
Let g(u) be the second derivative of -u**5/20 - 2*u**4 - 43*u**3/6 + 23*u**2/2 + 48*u. Let k be g(-22). Let n(w) = 1 - 1 + 5*w**2 + w. Determine n(k).
6
Let k(g) = -14*g**2 - 4*g. Let d(o) = 11*o**2 + 4*o - 1. Let t(b) = -4*d(b) - 3*k(b). Calculate t(0).
4
Let r(p) = p**3 + 6*p**2 + 4*p + 5. Let j = 97 + -102. Determine r(j).
10
Let r(s) = 11*s - 64. Let m be r(6). Let y(j) be the first derivative of 3*j - 1/3*j**3 - 3 + j**m. Give y(3).
0
Let b(s) = -s - 14. Suppose -18*d - 194 = 40. Determine b(d).
-1
Let b(d) = d**3 + 9*d**2 + 5*d + 4. Suppose -2*c = 3*j + 34, -3*j + 3*c - 7 = 2. Calculate b(j).
28
Let f(z) be the first derivative of -z**3/3 - 2*z**2 + 12*z + 2. Let p be f(-5). Suppose p*n = 5*n. Let b(o) = o**3 + o - 9. Calculate b(n).
-9
Let s = -83 - -54. Let g = s + 23. Let m(c) = -c**2 - 5*c + 5. Calculate m(g).
-1
Let t(l) = -2*l + 2. Let c(o) = -5*o**2 + 0 + o**3 + 6 - 2 - 6*o. Let h be c(6). Calculate t(h).
-6
Suppose 60*u = 53*u - 28. Let n(b) = 3*b**2 + 19*b + 15. Let z(t) = -2*t**2 - 13*t - 10. Let h(q) = 5*n(q) + 7*z(q). Calculate h(u).
5
Let a be 2/8*(-4 + 12). Let x(k) = -k**2 - 3*k + k + 4 + a - 2. Determine x(-3).
1
Let p(q) = 11*q + 0*q + 156*q**3 - 155*q**3 - 3*q - 8*q**2 + 10. What is p(7)?
17
Suppose -2*g - q = 3*q - 18, g - q = 0. Let y(c) = c**3 + 5*c**2 + c**g - 2 - c**3. Calculate y(-5).
-2
Let b(i) = -4*i - 1. Let p(h) = -5*h - 1. Let r(a) = -7*b(a) + 6*p(a). Suppose j - 255 = -253. Determine r(j).
-3
Let q = -116 - -117. Let u(d) = 12*d**2 - d + 1. Determine u(q).
12
Let x(y) = 1252*y**2 - 2 - 1 + 4 - 1277*y**2. What is x(-1)?
-24
Let i(o) = -o + 5. Suppose -c - 30 = -4*c. Let a be (-2)/(-4) - (-25)/c. Let h = -3 + a. Give i(h).
5
Let z = -31 + 33. Let v(t) = 1 + t**2 - 5*t + 6*t - t**3 - 2*t**2. Let o(w) = -5*w**3 - 8*w**2 + 4*w + 7. Let x(n) = -o(n) + 6*v(n). What is x(z)?
3
Let k be 5/30*-21 - 1/2. Let d(g) = g**3 + 4*g**2 + g - 4. Give d(k).
-8
Let b(p) = -p**3 + 7*p**2 - 5*p - 5. Let g be 9 - 7 - (3 + (3 - 11)). Give b(g).
-40
Let r(m) = -5*m - 3 + 2*m**2 - 3*m**2 - 1. Let x(f) = -2*f - 53. Let z be x(-25). What is r(z)?
2
Suppose 10*s - 116 + 186 = 0. Let i(a) = a + 18. Determine i(s).
11
Let d be 30/4*(-8)/(-6). Let o(a) be the first derivative of 2*a**3/3 + 8*a + 6. Let v(y) = -1. Let q(z) = d*v(z) + o(z). Give q(-2).
6
Suppose -7*d + 3*d = 0. Suppose 7*w - 3*w - 24 = d. Let k(a) = 11*a**2 - 24*a + 32. Let s(m) = -7*m**2 + 16*m - 21. Let q(z) = 5*k(z) + 8*s(z). Determine q(w).
4
Let b(f) = f - 4. Let r be b(10). Let z(m) = 4*m - 5*m + 0 + 3*m + r. Give z(-6).
-6
Let m(r) = -7*r + 1. Let o(w) = -3*w + 15. Let h be o(5). Suppose 4*j = -h - 8. What is m(j)?
15
Let g be (0 - 1)*(-5 - -3). Let f(d) = 0*d**2 + g - 3*d + 3*d**2 - 3*d - 2*d**2. Let k be (2/3)/(18/135). Calculate f(k).
-3
Suppose -4*t - 2*c + 28 = -0*c, 4 = 2*c. Let v(w) be the third derivative of w**5/60 - 7*w**4/24 + w**3/6 + 5*w**2. Determine v(t).
-5
Suppose 5*y = -3*u + 16, 3*u = 4*y - 5*y - 4. Let a(h) = h - 4. Determine a(u).
-7
Let i(y) be the second derivative of y**7/840 - y**5/30 - y**4/8 + 5*y**3/6 - 9*y. Let n(u) be the second derivative of i(u). Determine n(-2).
-3
Let r(x) = x**2 + 23*x - 47. Suppose 16*m + 2599 = 2199. Determine r(m).
3
Let c(l) = 8*l - 5*l + 1 - 6*l - 6 - 3*l. Calculate c(-9).
49
Let z(m) = -2*m**3 - 4*m**2 - 7*m + 7. Let g(o) = 3*o**3 + 6*o**2 + 12*o - 13. Let u(h) = 4*g(h) + 7*z(h). Give u(-3).
18
Let j = -5 + 8. Let x(k) = -4*k - 12 + 4*k**2 + 14 + k**3 - j - 2*k**3. Let h(g) = g**3 - 10*g**2 + 8*g + 12. Let f be h(9). What is x(f)?
-4
Let m(x) = x**3 - 17*x**2 + 18*x - 30. Let k be m(16). Let c(g) = -g**3 + 3*g**2 - 2*g + 2. What is c(k)?
2
Let r be ((-28)/35)/(4/(-10)). Let a(z) = -4 + z - r*z - z + z. Determine a(-6).
2
Let m(o) = -o**3 + 2*o**2 - o - 4. Let l(f) = 11*f + 50. Let p(t) = 5*t + 25. Let a(b) = 3*l(b) - 7*p(b). Let k be a(-12). Let c = k - -4. Calculate m(c).
-16
Let z = 42 - 42. Let a(u) = 21*u - u**2 - 7 - 9*u - 13*u. What is a(z)?
-7
Let u = 7 + -3. Let k(t) = 8*t + 3 - u*t + 2. Suppose -3*i - 5*o = -0*i + 17, -4*i = -4*o + 12. What is k(i)?
-11
Suppose -10*z + 256 = -6*z. Let h(d) = -2 + 69*d**2 + 0*d + d**3 - z*d**2 + 2*d. Suppose 0 = -4*p - 3*b + 1, 5*p - 4*p = -2*b + 4. Give h(p).
6
Let c(b) = -5*b - 6. Let k(q) = 9*q + 11. Let f(g) = 11*c(g) + 6*k(g). Calculate f(-10).
10
Let m(q) = -16*q**2 + 5*q + 7. Let h(x) = -43*x**2 + 15*x + 22. Let w(z) = -3*h(z) + 8*m(z). Give w(7).
4
Let p(y) be the second derivative of -y**5/60 + 5*y**4/24 + 20*y**3/3 + 35*y. Let s(x) be the second derivative of p(x). Give s(-8).
21
Let o = -37 + 41. Let k(h) = -23 - 9*h + 26 + h**2 + 0*h + 3*h. What is k(o)?
-5
Let l(p) = p**2 + 8593 + p - 8593. Suppose 5*y + i = -7, -i = 2 - 0. Give l(y).
0
Let f(m) = 4 - 17*m**3 - 5 + 2*m**2 + 31*m**3. Let n = 226 + -225. Calculate f(n).
15
Let w be -7*(-4 + (-1 - -4)). Suppose -w*c + 54 = 5*f - 4*c, -3*f + 24 = -c. Let s(m) = -m**2 + 8*m + 3. Give s(f).
-6
Let a(n) = 43*n**3 - 12*n**2 + 11*n - 6. Let s(i) = 7*i**3 - 2*i**2 + 2*i - 1. Let c(z) = 2*a(z) - 13*s(z). Determine c(1).
-6
Let s(w) = w + 2. Suppose -2*t - 14 